t of 9584?
5
What is the hundreds digit of 10030?
0
What is the units digit of 2022?
2
What is the thousands digit of 3270?
3
What is the hundreds digit of 1907?
9
What is the thousands digit of 1777?
1
What is the tens digit of 64855?
5
What is the thousands digit of 14328?
4
What is the hundreds digit of 5889?
8
What is the units digit of 108?
8
What is the tens digit of 418?
1
What is the thousands digit of 11902?
1
What is the hundreds digit of 1822?
8
What is the units digit of 94906?
6
What is the thousands digit of 8716?
8
What is the hundreds digit of 5270?
2
What is the thousands digit of 15289?
5
What is the hundreds digit of 34272?
2
What is the units digit of 2?
2
What is the units digit of 864?
4
What is the tens digit of 8713?
1
What is the hundreds digit of 1522?
5
What is the units digit of 111934?
4
What is the units digit of 33128?
8
What is the thousands digit of 1316?
1
What is the tens digit of 34?
3
What is the thousands digit of 2732?
2
What is the hundreds digit of 108605?
6
What is the hundreds digit of 2083?
0
What is the units digit of 406?
6
What is the thousands digit of 1429?
1
What is the tens digit of 3197?
9
What is the hundred thousands digit of 101205?
1
What is the tens digit of 32450?
5
What is the hundreds digit of 1077?
0
What is the hundreds digit of 42202?
2
What is the ten thousands digit of 12576?
1
What is the tens digit of 65999?
9
What is the thousands digit of 5751?
5
What is the ten thousands digit of 22608?
2
What is the tens digit of 126492?
9
What is the tens digit of 9013?
1
What is the hundreds digit of 2930?
9
What is the thousands digit of 150681?
0
What is the hundreds digit of 16265?
2
What is the units digit of 1916?
6
What is the tens digit of 501?
0
What is the units digit of 283?
3
What is the units digit of 22999?
9
What is the units digit of 34?
4
What is the hundreds digit of 4612?
6
What is the units digit of 2156?
6
What is the hundreds digit of 4682?
6
What is the hundreds digit of 4034?
0
What is the hundreds digit of 23386?
3
What is the units digit of 9118?
8
What is the tens digit of 1767?
6
What is the thousands digit of 1108?
1
What is the thousands digit of 17347?
7
What is the thousands digit of 2995?
2
What is the units digit of 8328?
8
What is the units digit of 39762?
2
What is the ten thousands digit of 29415?
2
What is the units digit of 1431?
1
What is the units digit of 2259?
9
What is the hundreds digit of 48216?
2
What is the hundreds digit of 357?
3
What is the hundreds digit of 4209?
2
What is the thousands digit of 117538?
7
What is the ten thousands digit of 109361?
0
What is the ten thousands digit of 75840?
7
What is the hundreds digit of 3128?
1
What is the tens digit of 2212?
1
What is the hundreds digit of 60941?
9
What is the tens digit of 1118?
1
What is the tens digit of 6450?
5
What is the units digit of 37310?
0
What is the tens digit of 444?
4
What is the hundreds digit of 39744?
7
What is the units digit of 1771?
1
What is the tens digit of 1068?
6
What is the units digit of 107720?
0
What is the hundreds digit of 6209?
2
What is the units digit of 55?
5
What is the thousands digit of 15692?
5
What is the units digit of 6659?
9
What is the hundreds digit of 1652?
6
What is the thousands digit of 1000?
1
What is the tens digit of 3313?
1
What is the ten thousands digit of 158572?
5
What is the hundreds digit of 2521?
5
What is the units digit of 7309?
9
What is the hundreds digit of 405?
4
What is the thousands digit of 70062?
0
What is the tens digit of 3745?
4
What is the thousands digit of 4935?
4
What is the ten thousands digit of 70630?
7
What is the ten thousands digit of 10981?
1
What is the units digit of 4559?
9
What is the tens digit of 35?
3
What is the tens digit of 1599?
9
What is the hundreds digit of 688?
6
What is the tens digit of 16532?
3
What is the thousands digit of 5533?
5
What is the tens digit of 34286?
8
What is the hundreds digit of 1388?
3
What is the units digit of 1634?
4
What is the ten thousands digit of 57742?
5
What is the units digit of 21174?
4
What is the ten thousands digit of 17654?
1
What is the hundreds digit of 38132?
1
What is the tens digit of 2043?
4
What is the units digit of 713?
3
What is the ten thousands digit of 11653?
1
What is the hundreds digit of 37180?
1
What is the tens digit of 1212?
1
What is the tens digit of 123?
2
What is the hundreds digit of 1786?
7
What is the hundreds digit of 321?
3
What is the hundreds digit of 2452?
4
What is the units digit of 194588?
8
What is the units digit of 819?
9
What is the units digit of 4883?
3
What is the thousands digit of 64618?
4
What is the tens digit of 56844?
4
What is the units digit of 1135?
5
What is the units digit of 244?
4
What is the tens digit of 983?
8
What is the units digit of 7313?
3
What is the thousands digit of 24714?
4
What is the hundreds digit of 4367?
3
What is the ten thousands digit of 25222?
2
What is the tens digit of 4144?
4
What is the tens digit of 74?
7
What is the units digit of 394?
4
What is the units digit of 25292?
2
What is the units digit of 131518?
8
What is the tens digit of 4234?
3
What is the units digit of 966?
6
What is the units digit of 33358?
8
What is the units digit of 705?
5
What is the thousands digit of 66320?
6
What is the tens digit of 48823?
2
What is the units digit of 22079?
9
What is the units digit of 2370?
0
What is the units digit of 19290?
0
What is the thousands digit of 26295?
6
What is the units digit of 5326?
6
What is the tens digit of 4223?
2
What is the thousands digit of 17310?
7
What is the units digit of 761?
1
What is the hundreds digit of 2568?
5
What is the thousands digit of 25062?
5
What is the hundreds digit of 1012?
0
What is the thousands digit of 3367?
3
What is the hundreds digit of 14315?
3
What is the tens digit of 2191?
9
What is the hundreds digit of 729?
7
What is the tens digit of 24402?
0
What is the tens digit of 32987?
8
What is the units digit of 8989?
9
What is the tens digit of 16897?
9
What is the units digit of 9089?
9
What is the units digit of 17261?
1
What is the tens digit of 1223?
2
What is the tens digit of 168?
6
What is the tens digit of 49892?
9
What is the ten thousands digit of 32170?
3
What is the thousands digit of 1916?
1
What is the units digit of 13121?
1
What is the thousands digit of 6926?
6
What is the hundreds digit of 18964?
9
What is the thousands digit of 1580?
1
What is the hundreds digit of 2682?
6
What is the tens digit of 198?
9
What is the tens digit of 5319?
1
What is the thousands digit of 1265?
1
What is the ten thousands digit of 27371?
2
What is the units digit of 4120?
0
What is the thousands digit of 2683?
2
What is the thousands digit of 8190?
8
What is the thousands digit of 43681?
3
What is the units digit of 2564?
4
What is the thousands digit of 5149?
5
What is the hundreds digit of 2223?
2
What is the ten thousands digit of 27146?
2
What is the tens digit of 22622?
2
What is the thousands digit of 1475?
1
What is the hundreds digit of 4284?
2
What is the tens digit of 8951?
5
What is the ten thousands digit of 19657?
1
What is the units digit of 9046?
6
What is the units digit of 865?
5
What is the hundreds digit of 844?
8
What is the hundreds digit of 1623?
6
What is the units digit of 890?
0
What is the units digit of 8219?
9
What is the thousands digit of 4799?
4
What is the thousands digit of 4819?
4
What is the tens digit of 10365?
6
What is the ten thousands digit of 16461?
1
What is the thousands digit of 18954?
8
What is the thousands digit of 13793?
3
What is the ten thousands digit of 30446?
3
What is the hundreds digit of 90117?
1
What is the thousands digit of 4432?
4
What is the tens digit of 1009?
0
What is the hundreds digit of 2838?
8
What is the hundreds digit of 5212?
2
What is the tens digit of 78816?
1
What is the hundreds digit of 28248?
2
What is the tens digit of 711?
1
What is the tens digit of 132?
3
What is the tens digit of 30020?
2
What is the units digit of 64623?
3
What is the tens digit of 225?
2
What is the thousands digit of 11567?
1
What is the tens digit of 229?
2
What is the hundred thousands digit of 137629?
1
What is the hundreds digit of 1816?
8
What is the thousands digi